y = -9. Let l(h) = 41*h**2 + 2. Is l(v) composite?
True
Let q = 20 - 12. Suppose -q*f - 9 = -11*f. Suppose 4*k + 717 = p, 4 - 16 = f*k. Is p a prime number?
True
Suppose 14*z - 17 = 25. Suppose z*n - f = 2283 + 2692, -5*n - 3*f + 8273 = 0. Is n a composite number?
False
Suppose 20*g - 5199 = 9421. Is g a prime number?
False
Is (-1795)/3*(-24)/(3 + 5) prime?
False
Is 24/60 + (-3466)/(-10) composite?
False
Let y(b) = -3384*b + 386. Is y(-7) a composite number?
True
Let t(f) = 7 + 2 - 4 + 2 + f. Let i be t(-6). Is 156 + 0 - (-1)/i composite?
False
Let s = 2721 - -290. Is s prime?
True
Suppose 0 = -2*t + 9 + 47. Is (t/(-12))/7*-3243 a composite number?
True
Let p(b) = -5*b**3 + 13*b**2 - 8*b + 3. Let c(s) = s**3 - s + 1. Let z(l) = 4*c(l) + p(l). Is z(9) prime?
True
Suppose 2*q + 4*n = 6 + 10, 0 = 5*q - 5*n - 25. Let c(r) = -17 + r**2 + q - 6*r - 4*r. Is c(-6) a composite number?
True
Let k(z) = -824*z + 213. Is k(-17) a composite number?
False
Is (12813/(-4))/(1*(-33)/44) composite?
False
Let n = 390 - 214. Let j(y) = 37 + y - n*y**3 + 177*y**3 + 0*y. Is j(0) a composite number?
False
Let c be 3425 + (3/3 - 3). Suppose 9*a = 6*a + c. Is a prime?
False
Is (-820)/(-30)*(-3 - 1161/(-6)) a composite number?
True
Suppose -g - 13 = 5*f - 0, 4*g = -5*f - 22. Let y = -1 - g. Suppose -o - 89 = -y*o. Is o prime?
True
Let c be 10*((-20)/8)/(-5). Let o be ((-6)/c)/(15/(-100)). Is 335 + o/(-4) - -1 prime?
False
Let n = -28193 - -53200. Is n a prime number?
False
Suppose 8 = 4*q, -3*c + 449 = -0*c + 4*q. Suppose -4*a = 2*p - 470, -2*a = 3*p - c - 82. Is a a composite number?
True
Suppose y - 3*t - 11 = 0, 4*y + y = 2*t + 16. Let g(p) = 41*p**2 + 10*p + 1. Is g(y) a prime number?
False
Let l be (-4 - -1) + 0 - (-1943 + 39). Let z = l + -1230. Is z prime?
False
Suppose -7*p = 325 + 739. Let x(l) = 10*l**3 - 3*l**2 - 3*l - 3. Let s be x(3). Let g = s + p. Is g a composite number?
False
Is (60/5)/6 - -42987 a prime number?
True
Let n = -50599 + 73212. Is n a prime number?
True
Suppose 11*t - 26*t = -18*t. Suppose -3*i - 4 = -4*i. Suppose -4*u + 129 = 3*k + 16, t = -i*k - 5*u + 152. Is k prime?
True
Suppose -4*f + 10*u + 159670 = 12*u, 0 = 3*u - 3. Is f a composite number?
True
Suppose -5*m - 47 - 7 = -4*k, -2*m - 22 = -2*k. Let f(p) = -16*p - 3. Is f(m) prime?
True
Suppose 4*t + b = 29, -4*t + 5*t = -4*b + 26. Let q(d) = 22*d + 4 - 2 - 3. Is q(t) a prime number?
True
Let v be 16/6*42/(-4). Let h = 54 + v. Is 1417/h + 6/(-4) a prime number?
True
Is ((-36429)/2)/(57/(-38)) a composite number?
False
Suppose -5*q = 4*w + 60, -4*w + 12 - 104 = -3*q. Let b be 5/w - (-162)/8. Is 1336/b - (-5)/25 composite?
False
Let o = -26 + 18. Let q(z) = z + 12. Let l be q(o). Is (-41436)/(-204) - l/34 a prime number?
False
Let h(c) = -c**3 + 2*c**2 + 2*c - 2. Let v be ((-4)/(3 - 2))/(-2). Suppose -v*b = 3*b + 15. Is h(b) a prime number?
True
Let p = -312 - -464. Let a be (-4 + 5)/((-2)/(-6)). Suppose -841 = -a*n + p. Is n a composite number?
False
Let l = 1 + 1. Let s be (l - 1) + -1 + -2. Let a = s - -40. Is a a prime number?
False
Let a = 58751 + 13964. Is a composite?
True
Let z be ((-1)/(-4))/((-13)/(-260)). Let p be 2/3*-3 - -2. Suppose p = -g + 3*v + 95, -3*g - z*v + 169 = -116. Is g composite?
True
Suppose o + 2*b + 22 = 5*o, 0 = -o + b + 8. Let q(a) = o + 4*a**2 - 2*a + a**2 + 7*a**2. Is q(-4) prime?
False
Suppose -81*s + 76*s = -58050. Let d = s - 5731. Is d a composite number?
False
Let x(y) = -y**3 + 33*y**2 + 128*y + 29. Is x(24) a composite number?
True
Let y(z) = -5*z**3 - 5*z**2 + 4*z + 1. Let p(q) = -4*q**3 - 5*q**2 + 4*q + 1. Let t(j) = 4*p(j) - 3*y(j). Is t(-8) composite?
True
Let a be -2 + (-7)/((-28)/8). Suppose 4*r - 28 - 20 = a. Let z(m) = m**2 - 7*m - 11. Is z(r) a composite number?
True
Suppose 3*g - 2*g + 3*q - 173 = 0, -4*g + 724 = -4*q. Let f = 354 + g. Is f a composite number?
True
Let g be ((-5)/(-10))/((-2)/36). Let y = g + 42. Is y a prime number?
False
Let w = 2381 - 1320. Is w a composite number?
False
Suppose -2*z + 4 = -3*z, 4*b + 4*z - 168 = 0. Let n = b + 43. Is n prime?
True
Suppose 10 = 2*g + 3*y, 33 - 3 = 5*g + 5*y. Suppose 2*s - 2*r - g = 0, 0 = -0*s + 2*s - 5*r + 7. Suppose 8*c - s*c = -57. Is c a prime number?
False
Suppose -63027 = -129*b + 120*b. Is b prime?
False
Suppose 42*k = 372374 - 44732. Is k composite?
True
Is (-1)/((-4)/296*2/7) prime?
False
Suppose -31*c - 18 = -34*c. Let s(z) = 10*z**2 - z - 19. Is s(c) prime?
False
Suppose -4*d + 8*h - 12*h = -2472, -4*d = -5*h - 2517. Is d composite?
True
Let q(g) = -2*g**2 + 251. Suppose 0 = 7*o - 3*o. Is q(o) composite?
False
Suppose -q + 20 = 4*q. Let a be 51/12 - (-1)/(-4). Suppose 4*c + 33 = 5*t + 346, -q*t = a. Is c composite?
True
Suppose 0 = -2*c - 4*k + 8*k + 8402, -4*k = -3*c + 12603. Is c prime?
True
Is (1/5 + 486381/(-230))*-2 a prime number?
True
Let g(a) = a**2 - 3*a - 2. Let n be g(-1). Suppose -n*h = -0*h - 1276. Let b = h + -373. Is b composite?
True
Let m(w) = 413*w**3 - 6*w**2 + 5*w + 13. Is m(4) prime?
False
Let o(u) = -2*u + 20*u**2 - 2*u - 19*u**2 + 6. Is o(-4) composite?
True
Let w = -54 + 59. Let q be -2 - (1 + -2)*7. Suppose -w*b + 500 = q*g, -4*b = -0*g + 2*g - 390. Is b composite?
True
Let j = -11 - -14. Let b(q) = -2*q**3 + 6*q**2 + 2*q - 2. Let u be b(j). Suppose 0 = -4*t + 4, -u*m + 1176 = -4*t. Is m composite?
True
Let k(d) = -54*d - 36. Let o be k(-16). Suppose -o = -b + 1. Is b a prime number?
True
Suppose 4*r + 17*t - 21*t = 11012, -2*t = -5*r + 13777. Is r composite?
True
Let p(i) = -14*i + 11. Let v be p(-16). Suppose 8*h - 3181 = v. Is h prime?
False
Let f(u) be the third derivative of 13*u**5/20 + u**4/8 + 6*u**2. Let r be f(-2). Is -2 + r - (4 + -2) prime?
False
Let i(r) = 17*r + 0*r**3 + 2*r**3 + 3 - 18*r + 3. Is i(5) prime?
True
Let c = -16 - -14. Is (464/(-40))/(c/10) composite?
True
Suppose 533 = -3*f + 3695. Suppose 3*p + f + 1049 = 0. Let o = p - -1008. Is o a prime number?
True
Suppose -62401 - 57886 = -37*o. Is o composite?
False
Let g = 2852 - 1859. Suppose -53*z = -52*z - g. Is z a prime number?
False
Let p(r) = 4*r**2 + 1 - r + 2 + 13*r**2 - 1. Let y be p(4). Suppose 3*o = 399 + y. Is o a composite number?
False
Suppose 0 = 9*f + f - 190110. Is f composite?
True
Let p(x) = -8*x**3 - x**2. Let z be p(1). Let w be 2/((-21)/z - 2). Let g(u) = -u**3 + 7*u**2 + 5*u - 7. Is g(w) prime?
True
Let m(t) = 641*t - 82. Is m(15) prime?
True
Is (9 - 531/63) + 996756/28 composite?
True
Is ((-6)/(-10))/((-351)/(-50304735)) a prime number?
True
Let l(q) = 428*q + 126. Is l(10) a prime number?
False
Suppose -50*b = -47*b - 3333. Is b prime?
False
Suppose 18*v + 8648 = 26*v. Is v a prime number?
False
Let v(q) = -3*q**3 + 2*q**2 - 4*q - 4. Let a be v(4). Suppose -19 = 2*p + 183. Let b = p - a. Is b a composite number?
False
Let h(g) = 9661*g**2 - 31*g + 31. Is h(1) prime?
True
Let p = 1087 + -132. Is ((-14)/(-5))/(2/p) a prime number?
False
Suppose 13*z - 10938 = 7*z. Is z a composite number?
False
Suppose -s - 2 = 0, 0 = -2*r - s - 10 - 8. Let b = r - -13. Suppose 9*k - b*k = 580. Is k a composite number?
True
Suppose 0 = -9*p + 8*p - 3*k + 1376, 0 = 5*p + k - 6810. Is p a composite number?
False
Is (-46304)/(-40) - 3/5 a prime number?
False
Suppose -23*z + 27834 + 43673 = 0. Is z a composite number?
False
Let q(i) = -33*i**3 + 3*i + 1. Suppose -6*u = 5 + 7. Is q(u) composite?
True
Let r(n) = -3*n**3 + n**2 + 11*n + 52. Is r(-11) a composite number?
True
Let w(x) = 486*x**3 + 2*x**2 + 2*x - 2. Is w(2) composite?
True
Let r(d) = d**2 + 2. Let c be r(1). Suppose c*j + j = 12. Suppose i = -q + 247 + j, -q + 4*i + 265 = 0. Is q prime?
False
Let b(f) = -f**2 - 12*f - 26. Let x be b(-8). Is (-1 - -1 - -1982)/(7 - x) a prime number?
False
Is 12221 - (-5)/(20/24) composite?
False
Let j = 659 + -309. Suppose 3*t - 1228 = j. Is t composite?
True
Let p = 68 - 51. Suppose -p*s + 1827 = -8*s. Is s a prime number?
False
Let f(v) = v**3 - 44*v**2 + 87*v - 127. Is f(47) composite?
False
Suppose -6*n + 136545 = 9*n. Is n prime?
True
Suppose 25*y = -21961 + 278136. Is y a composite number?
False
Let p = 19670 - 3249. Is p prime?
True
Let m(g) = 366*g. Let z(v) = 8*v + 8*v + 57*v. Let n(o) = -2*m(o) + 11*z(o). Is n(3) prime?
False
Is 704 - (-5)/(-15)*9 composite?
False
Let g(